 (70 + -195 + 61)
89
102 + -124 - (0 + 3 + 0)
-25
Calculate -23 - -17 - (7 + -5 - 48 - -2) - 4.
34
What is the value of 64 + -130 + 71 + 50?
55
(44 - 71 - -1) + -26
-52
What is -27343 + 27495 + (1 - 50)?
103
Calculate 29 + -50 + 14 - (47 - -2) - -3.
-53
Calculate (51 + 35 - -50) + -83.
53
What is -22 - -20 - -32 - 53?
-23
What is 8 + 16 + -46 + 10 + 108 + 6?
102
Evaluate 30 - 7 - (-4 - -62).
-35
What is the value of 289 + -268 - ((-4 - -1 - 3) + -12)?
39
What is 12 - (-86 + 25 + 33)?
40
What is the value of (-3 - (76 - 47)) + (1 - -27)?
-4
Evaluate (1 - 5) + (-20 - -6 - (-35 - -7)).
10
What is 117 - 130 - (-6 + 1) - (-53 + 1)?
44
What is the value of -10585 + 10364 + (1 - -94)?
-126
Calculate 6 - (-4 - -12 - 6) - -4 - 2.
6
Evaluate -1 + ((-13 - -122) + -107 - (-1 - 4)).
6
What is the value of 5 + 11 + (-63 - -106) + (-8 - (0 - -1))?
50
Evaluate 81 + ((-1 - -1) + -6 - (88 + -82)).
69
Calculate 18 + (70 - (9 + 34)) + 15.
60
-28 - 4 - (1104 - 1095)
-41
-51 - ((4 - (-9 + 3)) + (-10 - 0) + -4)
-47
What is 17 + -4 + 12 + 14 + 22 + -39?
22
219 + 102 + -96 + -161
64
(-36 - -46) + (6 - (5 - -25)) + 90
76
-422 + 438 - (-15 + (2 - 8))
37
Evaluate (3 - 32) + (-166 - -184) - (-57 - -2).
44
Calculate (-9 - -6) + 60 + 22 + -3 + 13 + -4.
85
What is (7 + -31 - -50) + 0 + (-7 - -2) + 9?
30
What is 19 + -70 + 48 + -27?
-30
Calculate -22 + (6 + 0 - (13 + -12 + 52)).
-69
2 + (-53 - -31 - -117 - (-4 - 4))
105
What is the value of 11 - (3 - (-9 + (-31 - -30)))?
-2
Evaluate -31 + (42 - (107 - (-19 - -51))).
-64
(28 - (-25 - (-32 + -3))) + 3 + 20
41
What is the value of (4 - (-31 - (-13 - 0) - -13)) + -13 + -53?
-57
Calculate -95 - (15 - (17 - -18)) - -10.
-65
-2 + 0 + -5 - (38 - (-22 + 60))
-7
Calculate -67 - (-1 + (-1 - -12) + (42 - 55) + -8).
-56
Calculate 1 + -17 + (-72 - (10 - (-8 + 23))).
-83
Calculate (-6 - 0 - (7 - 6)) + -269 + 102 + 216.
42
What is the value of 0 + 28 - (11 - 3 - (11 - 4))?
27
-12 - (0 + 5 + -7 - 7) - (81 - -4)
-88
829 + -775 - (-1 + 30)
25
What is the value of -1 + 5 - (-43 + 23 + 3 + -52 - 18)?
91
What is -23 - 14 - -74 - 6?
31
Calculate -36 - (-50 - -25 - (-10 - -3)).
-18
Evaluate (6 + 37 - -6) + 28 - 4.
73
Calculate -66 - -33 - (0 + 5 - (9 - 8 - -7)).
-30
-140 + 113 + (1 - 2 - 4) + (-17 - -26)
-23
Evaluate -4 - ((-53 - ((-6 - -8) + -9)) + -1).
43
Evaluate 14 + 11 + (-7 - -7 - 16) - -52.
61
What is (-1 - -5) + (-48 - (54 - 116)) + -95?
-77
Calculate -41 - -18 - (159 - 163).
-19
Evaluate 2 + -1 + 2 + 135 - (-119 + (-14 - -148)).
123
45 + -47 + -8 + -18 + 0
-28
Calculate 14 + -4 + (-37 - -41).
14
Evaluate -5 + 16 + -6 + 29 + -36.
-2
-2 + -10 + (-20 - -1 - (78 - 118 - -48))
-39
What is the value of (3 - 3) + -25 + (17 - (10 + 12)) + -1?
-31
What is the value of -50 - (0 - 1) - (-3100 + 3099)?
-48
-15 - -22 - -7 - -26 - 15
25
Evaluate -145 + 141 + -3 + -2 + -6 - -3 - -14.
2
Calculate (52 + -59 - 1) + -28.
-36
-2 - (20 + -231 + 220 + (0 - 0))
-11
What is -13 + (-13 - (-91 - (-1 + -1 - (-29 + 41))))?
51
Evaluate (23 + -44 + -6 - -21) + -3.
-9
-36 + 116 - 69 - -1
12
Evaluate (-34 - (66 + -267)) + -83.
84
Calculate -219 + 100 + 49 + 5.
-65
What is the value of -14 + (48 - 35) - 65?
-66
What is (-13 - (18 + -20 + 6)) + -2?
-19
What is the value of 7 + (-1 + 17 + 4 - -22)?
49
Calculate (-13 - (16 + -36)) + 47 + -19.
35
-20 - (11 - 38 - -23) - (-3 + -1) - 102
-114
56 + -24 + (11 - -2)
45
What is (-7 - (-15 + 3) - (-1 + -5)) + (9 - 16)?
4
What is (-7 - (-2 - 14)) + 2 + -12?
-1
-14 + 2 + 26 + 3 + -4 + 1 + 12
26
1 - (16 - 8) - ((-40 - -19) + 68)
-54
Evaluate (7 - (24 - 2)) + -52 - -27.
-40
What is -7 + 2 - 1 - (179 + -128 - (-5 - -64))?
2
Calculate 21 + 0 - 1 - (241 - (426 - 195)).
10
-78 - ((-8 - (11 + -1 + -4 - 8)) + -5)
-67
(-13147 - -13143) + (-15 - 0 - 2)
-21
What is 5 - 3 - (-1 - -20) - 4 - -13?
-8
(15 - 34 - -2) + 26
9
(2 - -17 - 24) + -40 + (4 - (-6 + 16))
-51
What is 11 - (((22 - -13) + -26 - 0) + (-20 - 1))?
23
What is 8 - (-1 + -1) - ((-2 - -6) + -36 + -17)?
59
Evaluate (56 - 101) + 75 + -15.
15
What is 4 + 0 + 17 + (47 - -22 - 19)?
71
Calculate ((9 - -4) + -6 - (13 + -5)) + 20.
19
Calculate -57 + -90 + 227 + 6 + -1.
85
-7 - ((-30 - -66) + -10 + -39)
6
Calculate 0 - 11 - ((-1 + -16 - 3) + -976 + 993).
-8
What is (-35 - 5 - -49) + -23?
-14
What is the value of 523 + -506 + (-17 - -1) + -38 + -1?
-38
What is -13 + (12 - 74) + 57?
-18
What is (-104 + -33 - -36) + 31?
-70
-305 + 139 + 180 + -2 + -147 + 2 + 1
-132
Evaluate (4 + -19 - 25 - (2 + (-11 - -2))) + 3.
-30
Calculate (12 - (18 + 5 - 7)) + 116 + (5 - 12).
105
Calculate -3 - (-1 + -21) - (188 - 179) - (-1 - -2).
9
What is 20 + -7 - (-7 + 4 + -11 + -26 - -11)?
42
What is (-10 + (22 - 3) - (16 - (-97 - 8))) + -5?
-117
Evaluate (-102 - -50 - -80) + -42 + 0.
-14
(5 - 12 - -34) + 2 - 13
16
What is 5 + -1 - ((10 - 15 - 11) + 10 + -16)?
26
8 - (-30 - (-53 + 29) - -109)
-95
55 + -8 + (-9 - -22 - 17) + 6
49
Calculate (-178 - -193) + 1 + -9 - (2 - -97).
-92
What is the value of 9 - (34 + 2 + (8 - 0 - 16)) - 3?
-22
What is the value of 0 - 1 - (44 + (-12 - 25) + -31)?
23
What is 6 + 38 + -5 + (102 - 111)?
30
Evaluate (0 + 10 - 14) + -7 - (18 + -23).
-6
Calculate 47 + -37 + 11 + -20.
1
What is -41 + (-21 - ((35 - 51) + 17))?
-63
What is the value of -41 + (-2 - (0 - 4)) + (-10683 - -10696)?
-26
What is the value of (5 - -26) + 182 + -96?
117
Calculate (-15 + 1 - (-8 - (8 + -5) - 15)) + -4.
8
What is (1 - -3) + 21 + (18 - -7) + -13?
37
What is the value of -2 + (21 - 23) + -16 - (-1 + -50)?
31
What is 48 + (-18 - 2) + (177 - 158)?
47
What is -203 + 219 + (5 - -37)?
58
What is -9 + 4 + -1 + (-130 - -147)?
11
Calculate 0 - 98 - -1 - (9 - (-5 - 5)).
-116
Calculate 0 + 19 + 23 + -8 + 10.
44
Evaluate 65 - ((-384 - -394) + -19 + 1 - -26).
47
Calculate 5 - 36 - (469 - 434).
-66
Calculate 50 - 1 - (13193 - 13092).
-52
-53 - (-87 - (52 - 89))
-3
Calculate -1 + 67 + (-442 - -369).
-7
Calculate (-38 - -2) + 142 + -122 + (-4 - (-20 + -2)).
2
Evaluate 47 + (60 - (-108 + 109)).
106
What is the value of 66 + 66 + (-34 - 217)?
-119
Calculate (128 - 50 - 24) + -75.
-21
What is the value of (0 - (3 + -1)) + -33 + (1276 - 1269)?
-28
(13 - -9) + (4 + -19 - -9)
16
What is the value of -36 - ((491 - 468) + (-116 - 0))?
57
Calculate 9 + (-7 + 4 - 0) + (163 - 237).
-68
What is 6366 - 6358 - (-2 + 97)?
-87
What is the value of 66 + -79 - (-53 + -11 + 2)?
49
-12 + (0 - 12) + 46 + (-30 - 18)
-26
Evaluate 9 + (-11 - -17 - 3).
12
What is the value of -9 + -6 + 12 + (-20 - 2)?
-25
What is -1 + 0 + (11 - (-55 - -64 - (-3 + -3)))?
-5
What is -103 + 98 + -29 - (-152 - -4)?
114
What is the value of 12 + (-30 - 12) + -17?
-47
54 + 33 + (42 - 152)
-23
Evaluate 0 + (-2 - -1) - ((-1232 - -1275) + (2 - -48)).
-94
What is the value of -37 - (2 + -4) - (-1003 + 1005 - (-1 + 7))?
-31
-3 + 6 + -7 + (3 - -3) - (-8 - 74)
84
Evaluate -9 + 6 + -34 + 2 + 5 + -13 + 11.
-32
Evaluate -181 + 133 + 56 + -7.
1
Evaluate 1 + 131 + -83 - 40.
9
What is the value of -64 - (-36 - (66 - 27))?
11
Evaluate -52 + (-46 - (-73 + 2)).
-27
What is 132 + (145 - 262 - -51)?
66
What is 103 - ((-4 - -5 - 4) + (-4 - -12))?
98
Calculate 3 + -36 + (-4 - 7) + 51 + -45.
-38
What is 43 + (15 - 46) - -32?
44
What is the value of 11 + (8 - (-9 - (-10 + -1))) - -10?
27
What is -4 - 15 - (1 - 1 - (-1 + 2 - 5))?
-23
Calculate (-43 + 37 - (1 + -46)) + (4 - -2) - -3.
48
Evaluate -92 + 1 - (-20 + -59 + 37 - -63).
-112
Evaluate 43 - (4 - (1 - 0 - (51 + -51))).
40
-1 + 5 + (9 - 9) - (12 + -36 + 104)
-76
What is the value of 7 + 20 - 17 - 27?
-17
Calculate 12 - (22 - (10 + -13) - 11).
-2
What is 3 - 6 - 27 - (-67 + 28 - -33) - 8?
-32
What is the value of 57 - -21 - 86 - (49 - 0)?
-57
What is (-1005 - -1025) + (-2 - 48)?
-30
Evaluate (-4 - 0) + (-20 - (-27 + 15 + -21 + -7)).
16
Calculate (14 + -4 - 5) + -61 + -135 + 148.
-43
What is 0 - (-8 - -21 - (1 - 1)) - 10?
-23
What is (6 - (-4 - 20)) + -19?
11
-64 + 22 - 49 - -56
-35
Calculate -1 + 4 + -13 + (-17 - -51).
24
Evaluate (11 + 1 + -41 - -65) + -55.
-19
Evaluate -38 - (0 + 3 + -1 + 4290 + -4302) - 4.
-32
Calculate (13 + 34 - 11) + (129 - 192).
-27
13 + -45 - (-23 - 101)
92
Calculate (33 - -3 - 4) + 67 - (1 + 7).
91
What is 20 + (-9 - 4 - -6) - (34 - 70 - -169)?
-120
What is (-30 + 29 - 10) + -2 + 2 + -20?
-31
What is 91 - (-139 - -86 - 